*2 - 1 + 0*u + u**3. Suppose -5*b - 14 - 6 = 0. Give d(b).
-9
Suppose 0 = 3*a + 3*l, -4*a + 4*l = 2 - 26. Let m(c) = -c**2 + c - 1. Let t(g) = -3*g**2 + 6*g - 4. Let r(w) = -m(w) + t(w). Calculate r(a).
-6
Let o(y) = -2*y - y**2 - 5*y + 9 - y + y. Calculate o(-7).
9
Let b(i) = i + 1. Suppose -5*q + 18 = 3. Let c be b(q). Let k(v) = c + 3*v + v**3 + 3*v**2 + v + 0. Determine k(-3).
-8
Let m(t) be the first derivative of -t**2/2 + 6*t + 13. Suppose 13 = -u - 5*l - 1, 0 = -u - 3*l - 6. Give m(u).
0
Let y be (2 + -2 - -8) + 1. Suppose r = 4*r - y. Let p(k) be the third derivative of -k**6/120 + k**5/20 + k**4/8 - k**3/3 - 2*k**2. Calculate p(r).
7
Let v(d) = -5 - 4*d + 0*d + 3*d - 8. Give v(-6).
-7
Let g(b) = -12 - b + 0*b + 2*b. Determine g(0).
-12
Let v(c) = -2*c**2 - 2*c - 1. Suppose 4*m = m + 5*k + 10, -2*m = -5*k - 10. Let p be (1 - 9) + -1 + m. Let t(d) = -d**2 - 10*d - 11. Let n be t(p). Give v(n).
-5
Let u(h) = -h**3 - h**2 + h + 5. Suppose -8 = -5*q + 2. Suppose -2*n + q*g - 7 = -n, -2*g + 19 = -5*n. Let p = n + 3. Give u(p).
5
Suppose 2*i + 15 = -i. Let x(u) = 46*u + 4 + 48*u - 95*u. Calculate x(i).
9
Let v(m) = m + 4 - 5 + 0. Let z(o) = -o. Let y be z(4). Let q be 6*-1*2/y. Determine v(q).
2
Let y(l) = -1 - 2 + 3*l + 0 + 3*l. Determine y(2).
9
Let z be (-32)/(-14) - (-2)/(-7). Let i(b) = -2 + 1 - 2 - 2*b + z. Determine i(2).
-5
Let f(s) = s**3 - 6*s**2 - 2*s - 1. Let k(z) = z**2 - z - 24. Let r be k(6). Give f(r).
-13
Let u(b) = b**3 - 7*b**2 + 6*b - 3. Let p = 16 + -10. Give u(p).
-3
Let b(x) be the second derivative of x**5/20 - 3*x**4/4 - x**3/3 + 6*x**2 + 17*x. What is b(9)?
-6
Let f(n) = 11*n**3 + 2*n**2 - n. Let s be 13/5 - 2/(-5). Suppose v + 4*m - 9 = 0, 3*m + 2*m = s*v + 7. Determine f(v).
12
Let k(u) = -u**2 + 3*u - 4. Let f = 4 - 4. Suppose 0 = -4*l + v - 36, -4*l - l + 5*v - 60 = f. Let x be (6/l)/(2/(-8)). What is k(x)?
-4
Let f(v) = -2*v + 1. Let w(d) = 6*d - 3. Let z(x) = 14*f(x) + 4*w(x). What is z(2)?
-6
Let i be (1 - -1)*(-2)/(-4). Let w = 6 - i. Suppose -3*k = -w - 1. Let t(q) = -q + 4. Determine t(k).
2
Let b(g) = -3 - 1 + 2*g - 3 + 4. What is b(4)?
5
Let w(t) be the third derivative of t**6/120 - 7*t**5/60 + 5*t**4/24 + 4*t**3/3 + 2*t**2. Let u(m) = 6*m - 18. Let s be u(4). Calculate w(s).
2
Let q(l) = -11*l + 1 + 0*l + 5*l + 7*l. Let v be (0 - 2)*2/2. Determine q(v).
-1
Suppose 0 = h - 2*h + 6. Let i(u) be the first derivative of -u**3/3 + 7*u**2/2 - 6*u - 19. Give i(h).
0
Let p(r) be the third derivative of r**4/8 - r**3/6 + r**2. Suppose 2*z - 8 = 2. Suppose -2*l = -z*l + 3. Calculate p(l).
2
Let j(n) = n**2 + 8*n + 4. Let k be j(-7). Let m(c) = -c**3 - 4*c**2 + c + 3. Calculate m(k).
-9
Let i(c) = 15*c - 4. Let g(x) = 4 + 8*x - 5 - 1. Let w(r) = -11*g(r) + 6*i(r). Determine w(5).
8
Let h(f) = 4*f - 7. Let u = -1 + 3. Let g be h(u). Let l(v) = -6*v**3 + v**2 - v + 1. Calculate l(g).
-5
Let t(i) = -i + 0*i**3 - 4*i**2 - 3 + 0*i**3 + 7*i**2 + i**3. What is t(-3)?
0
Let l = 20 + -22. Let m be l/9 + (-10)/(-45). Let f(c) be the third derivative of -c**4/24 - c**2. What is f(m)?
0
Let q(p) be the first derivative of -p**5/60 - p**4/12 - p**3/6 - 3*p**2/2 - 1. Let y(f) be the second derivative of q(f). What is y(-2)?
-1
Suppose 21 = 5*z + 3*o + 6, z - 3*o - 3 = 0. Suppose -5*a + 1 = z*y - 6, -9 = -2*y + a. Let h(k) = -k - k**3 + 3*k**2 - 4*k + 1 + 2*k**2. Calculate h(y).
-3
Let g = 4 + -4. Suppose g = -0*b + 5*b - 30. Let u(v) = -v**2 + 5*v. Determine u(b).
-6
Let t(s) = 19*s**2 - s. Let l = -47 - -48. What is t(l)?
18
Let s(a) = 3*a + 1. Let o(h) = h - 2. Let p(j) = -2*o(j) + 2*s(j). Give p(-3).
-6
Let k(u) = 8 - 6 - 4*u**2 + 3*u**2. What is k(-4)?
-14
Let l(o) = -o**3 + 5*o**2 + o - 2. Let u be l(5). Let t(f) = -u*f**2 - 3*f + 5*f + 1 - 2. Determine t(1).
-2
Suppose -3*c + z - 17 = 2*z, 10 = -5*z. Let h(r) = r**2 + 5*r - 5. Let f(q) = 4*q**2 + 21*q - 19. Let i = 2 - -7. Let s(m) = i*h(m) - 2*f(m). Calculate s(c).
3
Let h(q) = -2*q + 9*q - q**2 - q - 1 - q. Give h(4).
3
Let m(g) = -g - 2 + 3*g + 3 - 2*g**3. Suppose 0 = -u - 3*h - 7, 0*u = -3*u + 5*h + 7. Give m(u).
1
Let k(n) = 2*n**3 + 3*n**3 + 7*n**2 + 2*n**3 - n + 3 - 8*n**3. Calculate k(7).
-4
Suppose 2*u = -3*u + 20. Let i(j) = j**3 - 5*j**2 + 3*j + 4. Let s be i(u). Let r(x) = 2*x + x**3 + 3 + s + 3*x**2 - 2*x**2. Calculate r(-2).
-5
Let k(t) = -6*t - 2. Let f(d) be the second derivative of -d**3/6 - d**2/2 - d. Let n(i) = 3*f(i) - k(i). Give n(-1).
-4
Let m(w) = -1. Let x(b) = b - 2. Let u(d) = -3*m(d) - x(d). Let v(c) = c - 5. Let f(k) = -4*u(k) - 3*v(k). Suppose 3 = -z, 4*z + z - 5 = -5*i. Calculate f(i).
-1
Let z be (-6)/(-21) + 94/14. Let p(q) = -11*q + z*q**2 + 7 - 6*q + 0*q**2. Let s(t) = 4*t**2 - 9*t + 4. Let r(x) = -3*p(x) + 5*s(x). Give r(5).
4
Let a(q) = -q**3 + 183*q + 5*q**2 - 10*q**2 + 7 - 178*q. Give a(-6).
13
Let s(o) = -o**3 + 4*o**2 - 2*o + 1. Let j be 8/6*3/2. Let p(b) = -b**2 - 8*b - 1. Let l be p(-5). Suppose -2*r + l = -j*z, 2*r + r = z + 11. Give s(r).
5
Let i(f) = -4*f**2 + f**3 - 7*f - 4*f + 5*f. Let z be (-2)/(-15) - (-112)/60. Let y be 11/z - 4/8. Give i(y).
-5
Let j be 4/(-3)*3/(-2). Let r be 0*(-2 - (-2)/j). Let x(f) = -f**2 - 8. What is x(r)?
-8
Let j(w) = -w**2. Let y(k) = -4*k**2 - 7*k - 8. Let q(u) = 3*j(u) - y(u). What is q(-7)?
8
Let u(c) = -c**3 + 5*c**2 - 4*c - 5. Suppose -3*n = -2 - 7. Let b be (n/2)/((-15)/(-40)). Calculate u(b).
-5
Let a(v) be the second derivative of -v**6/360 + v**5/20 + v**4/12 - 3*v. Let w(q) be the third derivative of a(q). What is w(6)?
-6
Let z(w) = -w - w**2 - 2*w - 4 + 7*w. Suppose 8 = 3*f - 1. What is z(f)?
-1
Let w be (-2)/(-6) + 35/21. Let a(b) = -7*b + 4*b**w - b**2 - 2 - 2*b**2. Give a(5).
-12
Let t = -9 + 11. Let z(i) = 5*i - 2. Calculate z(t).
8
Let n = 9 + -5. Let t(x) = -x + x**2 - n*x + 3*x**3 - x + 5*x. What is t(1)?
3
Suppose t - 4 = -0*t. Let y(x) be the first derivative of -2*x**3/3 + 5*x**2/2 + 10. Determine y(t).
-12
Let u(r) = 13*r**3 + 9*r**2 - 7*r + 21. Let k(p) = -3*p**3 - 2*p**2 + 2*p - 5. Let d(l) = 9*k(l) + 2*u(l). Determine d(2).
-3
Let z(f) = f**2 - 3*f + 3. Let q be z(2). Let h(d) = 3 - 2*d - 2*d**2 + 2 - 3 + q. Determine h(-3).
-9
Let p = 1 - 0. Let j(n) = -2*n**2 + 2*n - 1. Let d(r) be the second derivative of r**4/12 + 9*r. Let c(q) = p*j(q) + 4*d(q). What is c(-2)?
3
Suppose 0 = -3*u + 2 + 1. Let l = u - 2. Let j(c) = 11*c**3 + c**2 - c - 1. What is j(l)?
-10
Let m(i) be the first derivative of -19*i**2/2 - i + 4. Calculate m(-1).
18
Let y be (-3)/(-9) - 23/(-3). Suppose 5*g = -y - 7. Let o(l) = l**3 - 4*l + 0*l**3 + 2*l**2 + 0*l**2 - 1. Determine o(g).
2
Let i be 2*((-70)/(-40))/((-1)/2). Let d(n) = -n**3 - 7*n**2 + 10. Calculate d(i).
10
Let r be 25/((-4)/(-4)) + -3. Let i(q) = q**3 + 4*q + 29*q**2 - 4 - r*q**2 + 2*q. Give i(-6).
-4
Let m(g) be the second derivative of g**4/12 + g**3/2 + g**2/2 - 2*g. Let r(u) = -2 + 3 + 3*u + 1 - u**3 - 2*u**2. Let h be r(-2). Give m(h).
5
Let g(m) = m**3 - m**2. Let q(v) = -v**3 + 2*v**2 - 1. Let x be q(2). Give g(x).
-2
Let w(k) = -k**2 - 5*k + 3. Let o be w(-5). Let h(f) = -4 - f - 1 - 4*f**o + 3*f**3 - 1. Determine h(0).
-6
Let k(g) be the second derivative of -3/2*g**2 - 2/3*g**3 + 0 - 2*g. What is k(-2)?
5
Let x be 2/(-6) - (-1)/3. Let w(f) be the second derivative of -f**5/20 + f**4/12 + f**3/6 + 4*f**2 - 14*f. What is w(x)?
8
Let l(f) = f + 3. Let p be (6/(-4))/(8/16 + -1). Calculate l(p).
6
Suppose -3 - 12 = -5*i. Let n(o) = -o**3 + o**2 + 2*o + 3. What is n(i)?
-9
Let o(g) = g + 2. Let z be (0*(-3)/(-12))/(-1). Determine o(z).
2
Let i(k) = -3*k - 6. Suppose 4 = 3*y + 16. What is i(y)?
6
Let l be (6/8)/((-6)/(-16)). Let b(u) = -6 + 6*u + 14 - 29*u**2 + 30*u**l. Give b(-6).
8
Let a(u) = -u**3 - 2*u**2 - u - 2. Let z be a(-2). Let b(o) be the third derivative of -o**4/24 + 3*o**3/2 + o**2. Calculate b(z).
9
Let w be ((-105)/25 + 3)*(8 - 3). Let d(h) = h**3 + 5*h**2 - 4*h + 8. What is d(w)?
-4
Let f(z) = z**2 + 3. Let i be f(0). Let u(v) = -2 - 4*v - i*v**2 + 0 - 1 + v**3. Let l(s) = s**3 + 9*s**2 + 4. Let d be l(-9). Calculate u(d).
-3
Let l(a) = -7*a**3 + 4*a**2 + a + 3. Let n(i) = -6*i**3 + 4*i**2 + i + 2. Let p(m) = 5*l(m) - 6*n(m). Suppose -4*v + 14 = 4*y - 6, 5*y - 9 = -v. Determine p(v).
-1
Let h(k) be the third d